{"id":9576,"date":"2025-01-07T00:40:16","date_gmt":"2025-01-07T00:40:16","guid":{"rendered":"https:\/\/fabstore.ma\/?post_type=product&#038;p=9576"},"modified":"2026-04-04T11:09:05","modified_gmt":"2026-04-04T11:09:05","slug":"anastasia-beverly-hills-impeccable","status":"publish","type":"product","link":"https:\/\/fabstore.ma\/index.php\/produit\/anastasia-beverly-hills-impeccable\/","title":{"rendered":"ANASTASIA BEVERLY HILLS &#8211; Impeccable"},"content":{"rendered":"<p>ANASTASIA BEVERLY HILLS &#8211; Impeccable Blurring Second-Skin Matte Foundation<\/p>\n<p>UNE PEAU PARFAITE, IMPECCABLE TOUTE LA JOURN\u00c9E.<\/p>\n<p>D\u00e9couvrez le fond de teint Impeccable : une formule longue tenue \u00e0 couvrance moyenne \u00e0 totale qui estompe les pores, les ridules et les rides jusqu&rsquo;\u00e0 12 heures . Dot\u00e9 de la technologie Precision Blur, ce fond de teint hydratant mat et velout\u00e9 contient de l&rsquo;acide hyaluronique pour un fini lisse et impeccable et une sensation de seconde peau . <\/p>\n","protected":false},"excerpt":{"rendered":"<p>ANASTASIA BEVERLY HILLS &#8211; Impeccable Blurring Second-Skin Matte Foundation UNE PEAU PARFAITE, IMPECCABLE TOUTE LA JOURN\u00c9E. D\u00e9couvrez le fond de teint Impeccable : une formule longue tenue \u00e0 couvrance moyenne \u00e0 totale qui estompe les pores, les ridules et les rides jusqu&rsquo;\u00e0 12 heures . Dot\u00e9 de la technologie Precision Blur, ce fond de teint [&hellip;]<\/p>\n","protected":false},"featured_media":9577,"comment_status":"open","ping_status":"closed","template":"","meta":{"om_disable_all_campaigns":false,"_uag_custom_page_level_css":"","_monsterinsights_skip_tracking":false,"_monsterinsights_sitenote_active":false,"_monsterinsights_sitenote_note":"","_monsterinsights_sitenote_category":0,"_uf_show_specific_survey":0,"_uf_disable_surveys":false,"site-sidebar-layout":"default","site-content-layout":"","ast-site-content-layout":"default","site-content-style":"default","site-sidebar-style":"default","ast-global-header-display":"","ast-banner-title-visibility":"","ast-main-header-display":"","ast-hfb-above-header-display":"","ast-hfb-below-header-display":"","ast-hfb-mobile-header-display":"","site-post-title":"","ast-breadcrumbs-content":"","ast-featured-img":"","footer-sml-layout":"","ast-disable-related-posts":"","theme-transparent-header-meta":"default","adv-header-id-meta":"","stick-header-meta":"","header-above-stick-meta":"","header-main-stick-meta":"","header-below-stick-meta":"","astra-migrate-meta-layouts":"set","ast-page-background-enabled":"default","ast-page-background-meta":{"desktop":{"background-color":"var(--ast-global-color-4)","background-image":"","background-repeat":"repeat","background-position":"center center","background-size":"auto","background-attachment":"scroll","background-type":"","background-media":"","overlay-type":"","overlay-color":"","overlay-opacity":"","overlay-gradient":""},"tablet":{"background-color":"","background-image":"","background-repeat":"repeat","background-position":"center center","background-size":"auto","background-attachment":"scroll","background-type":"","background-media":"","overlay-type":"","overlay-color":"","overlay-opacity":"","overlay-gradient":""},"mobile":{"background-color":"","background-image":"","background-repeat":"repeat","background-position":"center center","background-size":"auto","background-attachment":"scroll","background-type":"","background-media":"","overlay-type":"","overlay-color":"","overlay-opacity":"","overlay-gradient":""}},"ast-content-background-meta":{"desktop":{"background-color":"var(--ast-global-color-5)","background-image":"","background-repeat":"repeat","background-position":"center center","background-size":"auto","background-attachment":"scroll","background-type":"","background-media":"","overlay-type":"","overlay-color":"","overlay-opacity":"","overlay-gradient":""},"tablet":{"background-color":"var(--ast-global-color-5)","background-image":"","background-repeat":"repeat","background-position":"center center","background-size":"auto","background-attachment":"scroll","background-type":"","background-media":"","overlay-type":"","overlay-color":"","overlay-opacity":"","overlay-gradient":""},"mobile":{"background-color":"var(--ast-global-color-5)","background-image":"","background-repeat":"repeat","background-position":"center center","background-size":"auto","background-attachment":"scroll","background-type":"","background-media":"","overlay-type":"","overlay-color":"","overlay-opacity":"","overlay-gradient":""}},"_joinchat":[]},"product_brand":[],"product_cat":[188,75,66,35],"product_tag":[],"class_list":{"0":"post-9576","1":"product","2":"type-product","3":"status-publish","4":"has-post-thumbnail","6":"product_cat-anastasia-beverly-hills","7":"product_cat-en-promo","8":"product_cat-fond-de-teint","9":"product_cat-maquillage","10":"desktop-align-center","11":"tablet-align-left","12":"mobile-align-center","14":"first","15":"instock","16":"sale","17":"taxable","18":"shipping-taxable","19":"purchasable","20":"product-type-variable"},"uagb_featured_image_src":{"full":["https:\/\/i0.wp.com\/fabstore.ma\/wp-content\/uploads\/2025\/01\/ABH_010625_Impeccable-Foundation_EA_Shop-Navigation.jpg?fit=756%2C400&ssl=1",756,400,false],"thumbnail":["https:\/\/i0.wp.com\/fabstore.ma\/wp-content\/uploads\/2025\/01\/ABH_010625_Impeccable-Foundation_EA_Shop-Navigation.jpg?resize=150%2C150&ssl=1",150,150,true],"medium":["https:\/\/i0.wp.com\/fabstore.ma\/wp-content\/uploads\/2025\/01\/ABH_010625_Impeccable-Foundation_EA_Shop-Navigation.jpg?fit=300%2C159&ssl=1",300,159,true],"medium_large":["https:\/\/i0.wp.com\/fabstore.ma\/wp-content\/uploads\/2025\/01\/ABH_010625_Impeccable-Foundation_EA_Shop-Navigation.jpg?fit=756%2C400&ssl=1",756,400,true],"large":["https:\/\/i0.wp.com\/fabstore.ma\/wp-content\/uploads\/2025\/01\/ABH_010625_Impeccable-Foundation_EA_Shop-Navigation.jpg?fit=756%2C400&ssl=1",756,400,true],"1536x1536":["https:\/\/i0.wp.com\/fabstore.ma\/wp-content\/uploads\/2025\/01\/ABH_010625_Impeccable-Foundation_EA_Shop-Navigation.jpg?fit=756%2C400&ssl=1",756,400,true],"2048x2048":["https:\/\/i0.wp.com\/fabstore.ma\/wp-content\/uploads\/2025\/01\/ABH_010625_Impeccable-Foundation_EA_Shop-Navigation.jpg?fit=756%2C400&ssl=1",756,400,true],"woocommerce_thumbnail":["https:\/\/i0.wp.com\/fabstore.ma\/wp-content\/uploads\/2025\/01\/ABH_010625_Impeccable-Foundation_EA_Shop-Navigation.jpg?fit=300%2C159&ssl=1",300,159,true],"woocommerce_single":["https:\/\/i0.wp.com\/fabstore.ma\/wp-content\/uploads\/2025\/01\/ABH_010625_Impeccable-Foundation_EA_Shop-Navigation.jpg?fit=600%2C317&ssl=1",600,317,true],"woocommerce_gallery_thumbnail":["https:\/\/i0.wp.com\/fabstore.ma\/wp-content\/uploads\/2025\/01\/ABH_010625_Impeccable-Foundation_EA_Shop-Navigation.jpg?resize=100%2C100&ssl=1",100,100,true]},"uagb_author_info":{"display_name":"admin","author_link":"https:\/\/fabstore.ma\/index.php\/author\/"},"uagb_comment_info":0,"uagb_excerpt":"ANASTASIA BEVERLY HILLS &#8211; Impeccable Blurring Second-Skin Matte Foundation UNE PEAU PARFAITE, IMPECCABLE TOUTE LA JOURN\u00c9E. D\u00e9couvrez le fond de teint Impeccable : une formule longue tenue \u00e0 couvrance moyenne \u00e0 totale qui estompe les pores, les ridules et les rides jusqu&rsquo;\u00e0 12 heures . Dot\u00e9 de la technologie Precision Blur, ce fond de teint\u2026","jetpack-related-posts":[],"jetpack_sharing_enabled":true,"_links":{"self":[{"href":"https:\/\/fabstore.ma\/index.php\/wp-json\/wp\/v2\/product\/9576","targetHints":{"allow":["GET"]}}],"collection":[{"href":"https:\/\/fabstore.ma\/index.php\/wp-json\/wp\/v2\/product"}],"about":[{"href":"https:\/\/fabstore.ma\/index.php\/wp-json\/wp\/v2\/types\/product"}],"replies":[{"embeddable":true,"href":"https:\/\/fabstore.ma\/index.php\/wp-json\/wp\/v2\/comments?post=9576"}],"wp:featuredmedia":[{"embeddable":true,"href":"https:\/\/fabstore.ma\/index.php\/wp-json\/wp\/v2\/media\/9577"}],"wp:attachment":[{"href":"https:\/\/fabstore.ma\/index.php\/wp-json\/wp\/v2\/media?parent=9576"}],"wp:term":[{"taxonomy":"product_brand","embeddable":true,"href":"https:\/\/fabstore.ma\/index.php\/wp-json\/wp\/v2\/product_brand?post=9576"},{"taxonomy":"product_cat","embeddable":true,"href":"https:\/\/fabstore.ma\/index.php\/wp-json\/wp\/v2\/product_cat?post=9576"},{"taxonomy":"product_tag","embeddable":true,"href":"https:\/\/fabstore.ma\/index.php\/wp-json\/wp\/v2\/product_tag?post=9576"}],"curies":[{"name":"wp","href":"https:\/\/api.w.org\/{rel}","templated":true}]}}