{"id":8814,"date":"2024-08-19T18:57:23","date_gmt":"2024-08-19T18:57:23","guid":{"rendered":"https:\/\/fabstore.ma\/?post_type=product&#038;p=8814"},"modified":"2025-12-30T18:21:05","modified_gmt":"2025-12-30T18:21:05","slug":"revolution-glow-illuminating-hyaluronic-face-tan-drops","status":"publish","type":"product","link":"https:\/\/fabstore.ma\/index.php\/produit\/revolution-glow-illuminating-hyaluronic-face-tan-drops\/","title":{"rendered":"Revolution &#8211; Glow Illuminating Hyaluronic Face Tan Drops"},"content":{"rendered":"<p>Vous voulez un teint h\u00e2l\u00e9 toute l&rsquo;ann\u00e9e, comme au retour de vacances ? On en a r\u00eav\u00e9. On l&rsquo;a fait ! Nous vous pr\u00e9sentons les gouttes auto-bronzantes pour le visage enrichies en acide hyaluronique de Revolution. Une couleur universelle, un subtil parfum de pomme et une formule enrichie en acide hyaluronique pour une touche d&rsquo;hydratation suppl\u00e9mentaire. Pour un bronzage plus subtil, appliquez moins de gouttes et pour un bronzage plus fonc\u00e9, ajoutez plus de gouttes. C&rsquo;est parti ? Glow !<\/p>\n<p>CONSEILS D&rsquo;UTILISATION :<br \/>\nPour des r\u00e9sultats optimaux, utilisez en conjonction avec la lotion hydratante de Revolution Skincare et appliquez avec le pinceau de bronzage Revolution Glow Tanning Brush.<\/p>\n<p>Utilisez quotidiennement pendant 7 jours d&rsquo;affil\u00e9e pour sublimer votre bronzage, puis au besoin pour maintenir votre h\u00e2le. Ce produit doit \u00eatre dilu\u00e9 avec une cr\u00e8me hydratante. R\u00e9f\u00e9rez-vous au guide ci-dessous pour conna\u00eetre les dosages. Appliquez uniform\u00e9ment sur visage propre et nettoy\u00e9. Lavez vos mains avec soin apr\u00e8s application du produit. Vous n&rsquo;avez pas besoin de vous laver le visage jusqu&rsquo;\u00e0 votre prochaine routine de soins. M\u00e9langez jusqu&rsquo;\u00e0 10 gouttes \u00e0 votre cr\u00e8me hydratante de jour. N&rsquo;associez pas ce produit \u00e0 d&rsquo;autres produits contenant du DHA (dihydroxyac\u00e9tone). Appliquez le produit une fois par jour uniquement.<\/p>\n<p>Guide d&rsquo;intensit\u00e9 :<br \/>\n2 gouttes = Illuminated<br \/>\n4 gouttes = Beach Babe<br \/>\n8 gouttes = Ultimate Glow<br \/>\n10 gouttes = Ultra Golden<\/p>\n","protected":false},"excerpt":{"rendered":"<p>Vous voulez un teint h\u00e2l\u00e9 toute l&rsquo;ann\u00e9e, comme au retour de vacances ? On en a r\u00eav\u00e9. On l&rsquo;a fait ! Nous vous pr\u00e9sentons les gouttes auto-bronzantes pour le visage enrichies en acide hyaluronique de Revolution. Une couleur universelle, un subtil parfum de pomme et une formule enrichie en acide hyaluronique pour une touche d&rsquo;hydratation [&hellip;]<\/p>\n","protected":false},"featured_media":8816,"comment_status":"open","ping_status":"closed","template":"","meta":{"om_disable_all_campaigns":false,"_uag_custom_page_level_css":"","_monsterinsights_skip_tracking":false,"_monsterinsights_sitenote_active":false,"_monsterinsights_sitenote_note":"","_monsterinsights_sitenote_category":0,"_uf_show_specific_survey":0,"_uf_disable_surveys":false,"site-sidebar-layout":"default","site-content-layout":"","ast-site-content-layout":"default","site-content-style":"default","site-sidebar-style":"default","ast-global-header-display":"","ast-banner-title-visibility":"","ast-main-header-display":"","ast-hfb-above-header-display":"","ast-hfb-below-header-display":"","ast-hfb-mobile-header-display":"","site-post-title":"","ast-breadcrumbs-content":"","ast-featured-img":"","footer-sml-layout":"","ast-disable-related-posts":"","theme-transparent-header-meta":"default","adv-header-id-meta":"","stick-header-meta":"","header-above-stick-meta":"","header-main-stick-meta":"","header-below-stick-meta":"","astra-migrate-meta-layouts":"set","ast-page-background-enabled":"default","ast-page-background-meta":{"desktop":{"background-color":"var(--ast-global-color-4)","background-image":"","background-repeat":"repeat","background-position":"center center","background-size":"auto","background-attachment":"scroll","background-type":"","background-media":"","overlay-type":"","overlay-color":"","overlay-opacity":"","overlay-gradient":""},"tablet":{"background-color":"","background-image":"","background-repeat":"repeat","background-position":"center center","background-size":"auto","background-attachment":"scroll","background-type":"","background-media":"","overlay-type":"","overlay-color":"","overlay-opacity":"","overlay-gradient":""},"mobile":{"background-color":"","background-image":"","background-repeat":"repeat","background-position":"center center","background-size":"auto","background-attachment":"scroll","background-type":"","background-media":"","overlay-type":"","overlay-color":"","overlay-opacity":"","overlay-gradient":""}},"ast-content-background-meta":{"desktop":{"background-color":"var(--ast-global-color-5)","background-image":"","background-repeat":"repeat","background-position":"center center","background-size":"auto","background-attachment":"scroll","background-type":"","background-media":"","overlay-type":"","overlay-color":"","overlay-opacity":"","overlay-gradient":""},"tablet":{"background-color":"var(--ast-global-color-5)","background-image":"","background-repeat":"repeat","background-position":"center center","background-size":"auto","background-attachment":"scroll","background-type":"","background-media":"","overlay-type":"","overlay-color":"","overlay-opacity":"","overlay-gradient":""},"mobile":{"background-color":"var(--ast-global-color-5)","background-image":"","background-repeat":"repeat","background-position":"center center","background-size":"auto","background-attachment":"scroll","background-type":"","background-media":"","overlay-type":"","overlay-color":"","overlay-opacity":"","overlay-gradient":""}},"_joinchat":[]},"product_brand":[],"product_cat":[65,35,132,73,58],"product_tag":[],"class_list":{"0":"post-8814","1":"product","2":"type-product","3":"status-publish","4":"has-post-thumbnail","6":"product_cat-base-de-teint-fixateur","7":"product_cat-maquillage","8":"product_cat-revolution","9":"product_cat-soins-visage","10":"product_cat-teint","11":"desktop-align-center","12":"tablet-align-left","13":"mobile-align-center","15":"first","16":"instock","17":"taxable","18":"shipping-taxable","19":"purchasable","20":"product-type-simple"},"uagb_featured_image_src":{"full":["https:\/\/i0.wp.com\/fabstore.ma\/wp-content\/uploads\/2024\/08\/1445474_1.jpg?fit=2000%2C2000&ssl=1",2000,2000,false],"thumbnail":["https:\/\/i0.wp.com\/fabstore.ma\/wp-content\/uploads\/2024\/08\/1445474_1.jpg?resize=150%2C150&ssl=1",150,150,true],"medium":["https:\/\/i0.wp.com\/fabstore.ma\/wp-content\/uploads\/2024\/08\/1445474_1.jpg?fit=300%2C300&ssl=1",300,300,true],"medium_large":["https:\/\/i0.wp.com\/fabstore.ma\/wp-content\/uploads\/2024\/08\/1445474_1.jpg?fit=768%2C768&ssl=1",768,768,true],"large":["https:\/\/i0.wp.com\/fabstore.ma\/wp-content\/uploads\/2024\/08\/1445474_1.jpg?fit=1024%2C1024&ssl=1",1024,1024,true],"1536x1536":["https:\/\/i0.wp.com\/fabstore.ma\/wp-content\/uploads\/2024\/08\/1445474_1.jpg?fit=1536%2C1536&ssl=1",1536,1536,true],"2048x2048":["https:\/\/i0.wp.com\/fabstore.ma\/wp-content\/uploads\/2024\/08\/1445474_1.jpg?fit=2000%2C2000&ssl=1",2000,2000,true],"woocommerce_thumbnail":["https:\/\/i0.wp.com\/fabstore.ma\/wp-content\/uploads\/2024\/08\/1445474_1.jpg?fit=300%2C300&ssl=1",300,300,true],"woocommerce_single":["https:\/\/i0.wp.com\/fabstore.ma\/wp-content\/uploads\/2024\/08\/1445474_1.jpg?fit=600%2C600&ssl=1",600,600,true],"woocommerce_gallery_thumbnail":["https:\/\/i0.wp.com\/fabstore.ma\/wp-content\/uploads\/2024\/08\/1445474_1.jpg?resize=100%2C100&ssl=1",100,100,true]},"uagb_author_info":{"display_name":"admin","author_link":"https:\/\/fabstore.ma\/index.php\/author\/"},"uagb_comment_info":0,"uagb_excerpt":"Vous voulez un teint h\u00e2l\u00e9 toute l&rsquo;ann\u00e9e, comme au retour de vacances ? On en a r\u00eav\u00e9. On l&rsquo;a fait ! Nous vous pr\u00e9sentons les gouttes auto-bronzantes pour le visage enrichies en acide hyaluronique de Revolution. Une couleur universelle, un subtil parfum de pomme et une formule enrichie en acide hyaluronique pour une touche d&rsquo;hydratation\u2026","jetpack-related-posts":[],"jetpack_sharing_enabled":true,"_links":{"self":[{"href":"https:\/\/fabstore.ma\/index.php\/wp-json\/wp\/v2\/product\/8814","targetHints":{"allow":["GET"]}}],"collection":[{"href":"https:\/\/fabstore.ma\/index.php\/wp-json\/wp\/v2\/product"}],"about":[{"href":"https:\/\/fabstore.ma\/index.php\/wp-json\/wp\/v2\/types\/product"}],"replies":[{"embeddable":true,"href":"https:\/\/fabstore.ma\/index.php\/wp-json\/wp\/v2\/comments?post=8814"}],"wp:featuredmedia":[{"embeddable":true,"href":"https:\/\/fabstore.ma\/index.php\/wp-json\/wp\/v2\/media\/8816"}],"wp:attachment":[{"href":"https:\/\/fabstore.ma\/index.php\/wp-json\/wp\/v2\/media?parent=8814"}],"wp:term":[{"taxonomy":"product_brand","embeddable":true,"href":"https:\/\/fabstore.ma\/index.php\/wp-json\/wp\/v2\/product_brand?post=8814"},{"taxonomy":"product_cat","embeddable":true,"href":"https:\/\/fabstore.ma\/index.php\/wp-json\/wp\/v2\/product_cat?post=8814"},{"taxonomy":"product_tag","embeddable":true,"href":"https:\/\/fabstore.ma\/index.php\/wp-json\/wp\/v2\/product_tag?post=8814"}],"curies":[{"name":"wp","href":"https:\/\/api.w.org\/{rel}","templated":true}]}}