{"id":8616,"date":"2024-06-22T18:21:35","date_gmt":"2024-06-22T18:21:35","guid":{"rendered":"https:\/\/fabstore.ma\/?post_type=product&#038;p=8616"},"modified":"2025-11-15T12:56:04","modified_gmt":"2025-11-15T12:56:04","slug":"nyx-fat-oil-slick-click","status":"publish","type":"product","link":"https:\/\/fabstore.ma\/index.php\/produit\/nyx-fat-oil-slick-click\/","title":{"rendered":"NYX &#8211; FAT OIL SLICK CLICK"},"content":{"rendered":"<p>Description:<\/p>\n<p>D\u00c9TAILS:<br \/>\nLa famille Fat Oil s&rsquo;agrandit chez NYX Professional Makeup. D\u00e9couvrez Fat Oil Slick Click, le nouveau baume \u00e0 l\u00e8vres teint\u00e9 pour des l\u00e8vres ON FLEEK*, en 1 CLICK ! Ne faites plus de compromis entre le soin et la couleur ! Ce nouveau baume teint\u00e9 offre fat** hydratation\u00a0\u00bb et fat** couleur, gr\u00e2ce \u00e0 sa formule enrichie en pigments intenses et un cocktail d&rsquo;ingr\u00e9dients soin comme l&rsquo;huile de framboise, de m\u00fbre et d&rsquo;avocat. Sa texture fondante et non collante offre jusqu&rsquo;\u00e0 12 heures d&rsquo;hydratation \u00e0 vos l\u00e8vres. Vous allez adorer son format \u00ab\u00a0click\u00a0\u00bb ultra addictif ! Il suffit d&rsquo;appuyer quelques fois successives \u00e0 l&rsquo;arri\u00e8re du produit pour d\u00e9livrer la bonne dose de soin et de couleur pour vos l\u00e8vres. Ultra l\u00e9g\u00e8re, sa formule est id\u00e9ale pour un usage quotidien. A emporter partout avec vous et \u00e0 appliquer sans mod\u00e9ration tout au long de la journ\u00e9e pour des l\u00e8vres color\u00e9es, brillantes et hydrat\u00e9es ! Disponible en 12 teintes pour toutes les carnations, dont 1 teinte transparente holographique paillet\u00e9e, pour un look des plus scintillants ! Formule vegan sans ingr\u00e9dient d&rsquo;origine animale ou d\u00e9riv\u00e9. *au top **intense<\/p>\n<p>CONSEILS D\u00b4UTILISATION:<br \/>\nIl suffit d&rsquo;appuyer quelques fois successives \u00e0 l&rsquo;arri\u00e8re du produit pour d\u00e9livrer la bonne dose de soin et de couleur pour vos l\u00e8vres. Appliquez ensuite directement sur les l\u00e8vres et r\u00e9appliquez si besoin.<\/p>\n<p>B\u00c9N\u00c9FICES:<br \/>\nLe baume \u00e0 l\u00e8vres teint\u00e9 Fat Oil Slick Click offre fat* hydratation et fat* couleur, gr\u00e2ce \u00e0 sa formule enrichie en pigments intenses et son cocktail d&rsquo;ingr\u00e9dients soin comme l&rsquo;huile de framboises, de m\u00fbres et d&rsquo;avocat. Sa texture fondante et non collante offre jusqu&rsquo;\u00e0 12 heures d&rsquo;hydratation. *intense<\/p>\n","protected":false},"excerpt":{"rendered":"<p>Description: D\u00c9TAILS: La famille Fat Oil s&rsquo;agrandit chez NYX Professional Makeup. D\u00e9couvrez Fat Oil Slick Click, le nouveau baume \u00e0 l\u00e8vres teint\u00e9 pour des l\u00e8vres ON FLEEK*, en 1 CLICK ! Ne faites plus de compromis entre le soin et la couleur ! Ce nouveau baume teint\u00e9 offre fat** hydratation\u00a0\u00bb et fat** couleur, gr\u00e2ce \u00e0 [&hellip;]<\/p>\n","protected":false},"featured_media":8617,"comment_status":"open","ping_status":"closed","template":"","meta":{"om_disable_all_campaigns":false,"_uag_custom_page_level_css":"","_monsterinsights_skip_tracking":false,"_monsterinsights_sitenote_active":false,"_monsterinsights_sitenote_note":"","_monsterinsights_sitenote_category":0,"_uf_show_specific_survey":0,"_uf_disable_surveys":false,"site-sidebar-layout":"default","site-content-layout":"","ast-site-content-layout":"default","site-content-style":"default","site-sidebar-style":"default","ast-global-header-display":"","ast-banner-title-visibility":"","ast-main-header-display":"","ast-hfb-above-header-display":"","ast-hfb-below-header-display":"","ast-hfb-mobile-header-display":"","site-post-title":"","ast-breadcrumbs-content":"","ast-featured-img":"","footer-sml-layout":"","ast-disable-related-posts":"","theme-transparent-header-meta":"default","adv-header-id-meta":"","stick-header-meta":"","header-above-stick-meta":"","header-main-stick-meta":"","header-below-stick-meta":"","astra-migrate-meta-layouts":"set","ast-page-background-enabled":"default","ast-page-background-meta":{"desktop":{"background-color":"var(--ast-global-color-4)","background-image":"","background-repeat":"repeat","background-position":"center center","background-size":"auto","background-attachment":"scroll","background-type":"","background-media":"","overlay-type":"","overlay-color":"","overlay-opacity":"","overlay-gradient":""},"tablet":{"background-color":"","background-image":"","background-repeat":"repeat","background-position":"center center","background-size":"auto","background-attachment":"scroll","background-type":"","background-media":"","overlay-type":"","overlay-color":"","overlay-opacity":"","overlay-gradient":""},"mobile":{"background-color":"","background-image":"","background-repeat":"repeat","background-position":"center center","background-size":"auto","background-attachment":"scroll","background-type":"","background-media":"","overlay-type":"","overlay-color":"","overlay-opacity":"","overlay-gradient":""}},"ast-content-background-meta":{"desktop":{"background-color":"var(--ast-global-color-5)","background-image":"","background-repeat":"repeat","background-position":"center center","background-size":"auto","background-attachment":"scroll","background-type":"","background-media":"","overlay-type":"","overlay-color":"","overlay-opacity":"","overlay-gradient":""},"tablet":{"background-color":"var(--ast-global-color-5)","background-image":"","background-repeat":"repeat","background-position":"center center","background-size":"auto","background-attachment":"scroll","background-type":"","background-media":"","overlay-type":"","overlay-color":"","overlay-opacity":"","overlay-gradient":""},"mobile":{"background-color":"var(--ast-global-color-5)","background-image":"","background-repeat":"repeat","background-position":"center center","background-size":"auto","background-attachment":"scroll","background-type":"","background-media":"","overlay-type":"","overlay-color":"","overlay-opacity":"","overlay-gradient":""}},"_joinchat":[]},"product_brand":[],"product_cat":[60,35,154],"product_tag":[],"class_list":{"0":"post-8616","1":"product","2":"type-product","3":"status-publish","4":"has-post-thumbnail","6":"product_cat-levres","7":"product_cat-maquillage","8":"product_cat-nyx","9":"desktop-align-center","10":"tablet-align-left","11":"mobile-align-center","13":"first","14":"instock","15":"taxable","16":"shipping-taxable","17":"purchasable","18":"product-type-variable"},"uagb_featured_image_src":{"full":["https:\/\/i0.wp.com\/fabstore.ma\/wp-content\/uploads\/2024\/06\/202404XX-DMI-ATF-FOS-Complementary-Range-scaled.jpeg?fit=2560%2C2560&ssl=1",2560,2560,false],"thumbnail":["https:\/\/i0.wp.com\/fabstore.ma\/wp-content\/uploads\/2024\/06\/202404XX-DMI-ATF-FOS-Complementary-Range-scaled.jpeg?resize=150%2C150&ssl=1",150,150,true],"medium":["https:\/\/i0.wp.com\/fabstore.ma\/wp-content\/uploads\/2024\/06\/202404XX-DMI-ATF-FOS-Complementary-Range-scaled.jpeg?fit=300%2C300&ssl=1",300,300,true],"medium_large":["https:\/\/i0.wp.com\/fabstore.ma\/wp-content\/uploads\/2024\/06\/202404XX-DMI-ATF-FOS-Complementary-Range-scaled.jpeg?fit=768%2C768&ssl=1",768,768,true],"large":["https:\/\/i0.wp.com\/fabstore.ma\/wp-content\/uploads\/2024\/06\/202404XX-DMI-ATF-FOS-Complementary-Range-scaled.jpeg?fit=1024%2C1024&ssl=1",1024,1024,true],"1536x1536":["https:\/\/i0.wp.com\/fabstore.ma\/wp-content\/uploads\/2024\/06\/202404XX-DMI-ATF-FOS-Complementary-Range-scaled.jpeg?fit=1536%2C1536&ssl=1",1536,1536,true],"2048x2048":["https:\/\/i0.wp.com\/fabstore.ma\/wp-content\/uploads\/2024\/06\/202404XX-DMI-ATF-FOS-Complementary-Range-scaled.jpeg?fit=2048%2C2048&ssl=1",2048,2048,true],"woocommerce_thumbnail":["https:\/\/i0.wp.com\/fabstore.ma\/wp-content\/uploads\/2024\/06\/202404XX-DMI-ATF-FOS-Complementary-Range-scaled.jpeg?fit=300%2C300&ssl=1",300,300,true],"woocommerce_single":["https:\/\/i0.wp.com\/fabstore.ma\/wp-content\/uploads\/2024\/06\/202404XX-DMI-ATF-FOS-Complementary-Range-scaled.jpeg?fit=600%2C600&ssl=1",600,600,true],"woocommerce_gallery_thumbnail":["https:\/\/i0.wp.com\/fabstore.ma\/wp-content\/uploads\/2024\/06\/202404XX-DMI-ATF-FOS-Complementary-Range-scaled.jpeg?resize=100%2C100&ssl=1",100,100,true]},"uagb_author_info":{"display_name":"admin","author_link":"https:\/\/fabstore.ma\/index.php\/author\/"},"uagb_comment_info":0,"uagb_excerpt":"Description: D\u00c9TAILS: La famille Fat Oil s&rsquo;agrandit chez NYX Professional Makeup. D\u00e9couvrez Fat Oil Slick Click, le nouveau baume \u00e0 l\u00e8vres teint\u00e9 pour des l\u00e8vres ON FLEEK*, en 1 CLICK ! Ne faites plus de compromis entre le soin et la couleur ! Ce nouveau baume teint\u00e9 offre fat** hydratation\u00a0\u00bb et fat** couleur, gr\u00e2ce \u00e0\u2026","jetpack-related-posts":[],"jetpack_sharing_enabled":true,"_links":{"self":[{"href":"https:\/\/fabstore.ma\/index.php\/wp-json\/wp\/v2\/product\/8616","targetHints":{"allow":["GET"]}}],"collection":[{"href":"https:\/\/fabstore.ma\/index.php\/wp-json\/wp\/v2\/product"}],"about":[{"href":"https:\/\/fabstore.ma\/index.php\/wp-json\/wp\/v2\/types\/product"}],"replies":[{"embeddable":true,"href":"https:\/\/fabstore.ma\/index.php\/wp-json\/wp\/v2\/comments?post=8616"}],"wp:featuredmedia":[{"embeddable":true,"href":"https:\/\/fabstore.ma\/index.php\/wp-json\/wp\/v2\/media\/8617"}],"wp:attachment":[{"href":"https:\/\/fabstore.ma\/index.php\/wp-json\/wp\/v2\/media?parent=8616"}],"wp:term":[{"taxonomy":"product_brand","embeddable":true,"href":"https:\/\/fabstore.ma\/index.php\/wp-json\/wp\/v2\/product_brand?post=8616"},{"taxonomy":"product_cat","embeddable":true,"href":"https:\/\/fabstore.ma\/index.php\/wp-json\/wp\/v2\/product_cat?post=8616"},{"taxonomy":"product_tag","embeddable":true,"href":"https:\/\/fabstore.ma\/index.php\/wp-json\/wp\/v2\/product_tag?post=8616"}],"curies":[{"name":"wp","href":"https:\/\/api.w.org\/{rel}","templated":true}]}}